{"id":24,"date":"2023-06-03T13:03:38","date_gmt":"2023-06-03T11:03:38","guid":{"rendered":"https:\/\/www.dfc-bremen.de\/wp\/?page_id=24"},"modified":"2026-04-22T21:00:30","modified_gmt":"2026-04-22T19:00:30","slug":"impressum","status":"publish","type":"page","link":"https:\/\/www.dfc-bremen.de\/wp\/impressum\/","title":{"rendered":"Impressum"},"content":{"rendered":"<div class=\"fusion-fullwidth fullwidth-box fusion-builder-row-1 fusion-flex-container has-pattern-background has-mask-background nonhundred-percent-fullwidth non-hundred-percent-height-scrolling\" style=\"--awb-border-radius-top-left:0px;--awb-border-radius-top-right:0px;--awb-border-radius-bottom-right:0px;--awb-border-radius-bottom-left:0px;--awb-flex-wrap:wrap;\" ><div class=\"fusion-builder-row fusion-row fusion-flex-align-items-flex-start fusion-flex-content-wrap\" style=\"max-width:1248px;margin-left: calc(-4% \/ 2 );margin-right: calc(-4% \/ 2 );\"><div class=\"fusion-layout-column fusion_builder_column fusion-builder-column-0 fusion_builder_column_1_6 1_6 fusion-flex-column\" style=\"--awb-bg-size:cover;--awb-width-large:16.666666666667%;--awb-margin-top-large:0px;--awb-spacing-right-large:11.52%;--awb-margin-bottom-large:20px;--awb-spacing-left-large:11.52%;--awb-width-medium:16.666666666667%;--awb-order-medium:0;--awb-spacing-right-medium:11.52%;--awb-spacing-left-medium:11.52%;--awb-width-small:100%;--awb-order-small:0;--awb-spacing-right-small:1.92%;--awb-spacing-left-small:1.92%;\"><div class=\"fusion-column-wrapper fusion-column-has-shadow fusion-flex-justify-content-flex-start fusion-content-layout-column\"><\/div><\/div><div class=\"fusion-layout-column fusion_builder_column fusion-builder-column-1 fusion_builder_column_2_3 2_3 fusion-flex-column\" style=\"--awb-bg-size:cover;--awb-width-large:66.666666666667%;--awb-margin-top-large:0px;--awb-spacing-right-large:2.88%;--awb-margin-bottom-large:20px;--awb-spacing-left-large:2.88%;--awb-width-medium:66.666666666667%;--awb-order-medium:0;--awb-spacing-right-medium:2.88%;--awb-spacing-left-medium:2.88%;--awb-width-small:100%;--awb-order-small:0;--awb-spacing-right-small:1.92%;--awb-spacing-left-small:1.92%;\"><div class=\"fusion-column-wrapper fusion-column-has-shadow fusion-flex-justify-content-flex-start fusion-content-layout-column\"><div class=\"fusion-text fusion-text-1\"><div class=\"inhalttext\">\n<h1>Impressum<\/h1>\n<p>Deutsch-Franz\u00f6sischer Chor Bremen<\/p>\n<p>1. Vorsitzende: <strong>Elisabeth Arend<\/strong><br \/>\n2. Vorsitzende:\u00a0 <strong>Christiane Weber<\/strong><br \/>\nSchatzmeister: <strong>Friedhelm Stock<\/strong><\/p>\n<p>Ansprechpartner: Friedhelm Stock<br \/>\nGraf-Moltke-Str. 29<br \/>\n28211 Bremen<\/p>\n<p><strong><a href=\"mailto:dt-franzchorbremen@posteo.de\">dt-franzchorbremen@posteo.de<\/a><\/strong><\/p>\n<p>Wir haben auf unseren Seiten Links zu anderen Seiten im Internet gelegt.<br \/>\nF\u00fcr alle diese Links gilt: Wir erkl\u00e4ren ausdr\u00fccklich, dass wir keinerlei Einfluss auf die Gestaltung und die Inhalte der gelinkten Seiten haben. Deshalb distanzieren wir uns hiermit ausdr\u00fccklich von allen Inhalten aller gelinkten Seiten auf unserer Homepage und machen uns diese Inhalte nicht zu Eigen.<\/p>\n<p><strong>Inhaltlich verantwortlich gem\u00e4\u00df \u00a7 55 Abs. 2 RStV:<\/strong><br \/>\nAndrea Quick<\/p>\n<p><strong>Haftungshinweis:<br \/>\n<\/strong>Trotz sorgf\u00e4ltiger inhaltlicher Kontrolle \u00fcbernehme ich keine Haftung f\u00fcr die Inhalte externer Links.<br \/>\nF\u00fcr den Inhalt verlinkter Seiten sind ausschlie\u00dflich deren Betreiber verantwortlich.<\/p>\n<p>Sollten Sie auf meinen Seiten M\u00e4ngel ganz gleich welcher Art entdecken, dann w\u00fcrde ich mich \u00fcber einen Hinweis freuen, damit ich diese beheben kann.<\/p>\n<p><strong>Bildnachweis:<br \/>\n<\/strong>Fotos: <a href=\"http:\/\/www.monikajessing.de\" target=\"_blank\" rel=\"noopener\">Monika Jessing<\/a><\/p>\n<p>au\u00dfer<strong><br \/>\n<\/strong>Startseite Foto oben: Annett Struck<\/p>\n<p>\u00dcber Uns 3. Foto in Diashow oben: Yann Tacher<\/p>\n<p>Konzerte und Projekte: Ngating Wong<\/p>\n<p><strong>Kontoverbindung<\/strong><\/p>\n<p>Friedhelm Stock<br \/>\nIBAN: DE66 7602 6000 0508 4314 01<br \/>\nBIC. NORSDE71XXX<\/p>\n<\/div>\n<\/div><\/div><\/div><div class=\"fusion-layout-column fusion_builder_column fusion-builder-column-2 fusion_builder_column_1_6 1_6 fusion-flex-column\" style=\"--awb-bg-size:cover;--awb-width-large:16.666666666667%;--awb-margin-top-large:0px;--awb-spacing-right-large:11.52%;--awb-margin-bottom-large:20px;--awb-spacing-left-large:11.52%;--awb-width-medium:16.666666666667%;--awb-order-medium:0;--awb-spacing-right-medium:11.52%;--awb-spacing-left-medium:11.52%;--awb-width-small:100%;--awb-order-small:0;--awb-spacing-right-small:1.92%;--awb-spacing-left-small:1.92%;\"><div class=\"fusion-column-wrapper fusion-column-has-shadow fusion-flex-justify-content-flex-start fusion-content-layout-column\"><\/div><\/div><\/div><\/div>\n","protected":false},"excerpt":{"rendered":"","protected":false},"author":1,"featured_media":0,"parent":0,"menu_order":0,"comment_status":"closed","ping_status":"closed","template":"100-width.php","meta":{"footnotes":""},"class_list":["post-24","page","type-page","status-publish","hentry"],"_links":{"self":[{"href":"https:\/\/www.dfc-bremen.de\/wp\/wp-json\/wp\/v2\/pages\/24","targetHints":{"allow":["GET"]}}],"collection":[{"href":"https:\/\/www.dfc-bremen.de\/wp\/wp-json\/wp\/v2\/pages"}],"about":[{"href":"https:\/\/www.dfc-bremen.de\/wp\/wp-json\/wp\/v2\/types\/page"}],"author":[{"embeddable":true,"href":"https:\/\/www.dfc-bremen.de\/wp\/wp-json\/wp\/v2\/users\/1"}],"replies":[{"embeddable":true,"href":"https:\/\/www.dfc-bremen.de\/wp\/wp-json\/wp\/v2\/comments?post=24"}],"version-history":[{"count":10,"href":"https:\/\/www.dfc-bremen.de\/wp\/wp-json\/wp\/v2\/pages\/24\/revisions"}],"predecessor-version":[{"id":546,"href":"https:\/\/www.dfc-bremen.de\/wp\/wp-json\/wp\/v2\/pages\/24\/revisions\/546"}],"wp:attachment":[{"href":"https:\/\/www.dfc-bremen.de\/wp\/wp-json\/wp\/v2\/media?parent=24"}],"curies":[{"name":"wp","href":"https:\/\/api.w.org\/{rel}","templated":true}]}}

<div class="fusion-fullwidth fullwidth-box fusion-builder-row-1 fusion-flex-container has-pattern-background has-mask-background nonhundred-percent-fullwidth non-hundred-percent-height-scrolling" style="--awb-border-radius-top-left:0px;--awb-border-radius-top-right:0px;--awb-border-radius-bottom-right:0px;--awb-border-radius-bottom-left:0px;--awb-flex-wrap:wrap;" ><div class="fusion-builder-row fusion-row fusion-flex-align-items-flex-start fusion-flex-content-wrap" style="max-width:1248px;margin-left: calc(-4% / 2 );margin-right: calc(-4% / 2 );"><div class="fusion-layout-column fusion_builder_column fusion-builder-column-0 fusion_builder_column_1_6 1_6 fusion-flex-column" style="--awb-bg-size:cover;--awb-width-large:16.666666666667%;--awb-margin-top-large:0px;--awb-spacing-right-large:11.52%;--awb-margin-bottom-large:20px;--awb-spacing-left-large:11.52%;--awb-width-medium:16.666666666667%;--awb-order-medium:0;--awb-spacing-right-medium:11.52%;--awb-spacing-left-medium:11.52%;--awb-width-small:100%;--awb-order-small:0;--awb-spacing-right-small:1.92%;--awb-spacing-left-small:1.92%;"><div class="fusion-column-wrapper fusion-column-has-shadow fusion-flex-justify-content-flex-start fusion-content-layout-column"></div></div><div class="fusion-layout-column fusion_builder_column fusion-builder-column-1 fusion_builder_column_2_3 2_3 fusion-flex-column" style="--awb-bg-size:cover;--awb-width-large:66.666666666667%;--awb-margin-top-large:0px;--awb-spacing-right-large:2.88%;--awb-margin-bottom-large:20px;--awb-spacing-left-large:2.88%;--awb-width-medium:66.666666666667%;--awb-order-medium:0;--awb-spacing-right-medium:2.88%;--awb-spacing-left-medium:2.88%;--awb-width-small:100%;--awb-order-small:0;--awb-spacing-right-small:1.92%;--awb-spacing-left-small:1.92%;"><div class="fusion-column-wrapper fusion-column-has-shadow fusion-flex-justify-content-flex-start fusion-content-layout-column"><div class="fusion-text fusion-text-1"><div class="inhalttext">
<h1>Impressum</h1>
<p>Deutsch-Französischer Chor Bremen</p>
<p>1. Vorsitzende: <strong>Elisabeth Arend</strong><br />
2. Vorsitzende:  <strong>Christiane Weber</strong><br />
Schatzmeister: <strong>Friedhelm Stock</strong></p>
<p>Ansprechpartner: Friedhelm Stock<br />
Graf-Moltke-Str. 29<br />
28211 Bremen</p>
<p><strong><a href="mailto:dt-franzchorbremen@posteo.de">dt-franzchorbremen@posteo.de</a></strong></p>
<p>Wir haben auf unseren Seiten Links zu anderen Seiten im Internet gelegt.<br />
Für alle diese Links gilt: Wir erklären ausdrücklich, dass wir keinerlei Einfluss auf die Gestaltung und die Inhalte der gelinkten Seiten haben. Deshalb distanzieren wir uns hiermit ausdrücklich von allen Inhalten aller gelinkten Seiten auf unserer Homepage und machen uns diese Inhalte nicht zu Eigen.</p>
<p><strong>Inhaltlich verantwortlich gemäß § 55 Abs. 2 RStV:</strong><br />
Andrea Quick</p>
<p><strong>Haftungshinweis:<br />
</strong>Trotz sorgfältiger inhaltlicher Kontrolle übernehme ich keine Haftung für die Inhalte externer Links.<br />
Für den Inhalt verlinkter Seiten sind ausschließlich deren Betreiber verantwortlich.</p>
<p>Sollten Sie auf meinen Seiten Mängel ganz gleich welcher Art entdecken, dann würde ich mich über einen Hinweis freuen, damit ich diese beheben kann.</p>
<p><strong>Bildnachweis:<br />
</strong>Fotos: <a href="http://www.monikajessing.de" target="_blank" rel="noopener">Monika Jessing</a></p>
<p>außer<strong><br />
</strong>Startseite Foto oben: Annett Struck</p>
<p>Über Uns 3. Foto in Diashow oben: Yann Tacher</p>
<p>Konzerte und Projekte: Ngating Wong</p>
<p><strong>Kontoverbindung</strong></p>
<p>Friedhelm Stock<br />
IBAN: DE66 7602 6000 0508 4314 01<br />
BIC. NORSDE71XXX</p>
</div>
</div></div></div><div class="fusion-layout-column fusion_builder_column fusion-builder-column-2 fusion_builder_column_1_6 1_6 fusion-flex-column" style="--awb-bg-size:cover;--awb-width-large:16.666666666667%;--awb-margin-top-large:0px;--awb-spacing-right-large:11.52%;--awb-margin-bottom-large:20px;--awb-spacing-left-large:11.52%;--awb-width-medium:16.666666666667%;--awb-order-medium:0;--awb-spacing-right-medium:11.52%;--awb-spacing-left-medium:11.52%;--awb-width-small:100%;--awb-order-small:0;--awb-spacing-right-small:1.92%;--awb-spacing-left-small:1.92%;"><div class="fusion-column-wrapper fusion-column-has-shadow fusion-flex-justify-content-flex-start fusion-content-layout-column"></div></div></div></div>
