{"id":241,"date":"2023-11-15T18:09:17","date_gmt":"2023-11-15T17:09:17","guid":{"rendered":"https:\/\/www.dfc-bremen.de\/wp\/?page_id=241"},"modified":"2026-03-06T19:26:21","modified_gmt":"2026-03-06T18:26:21","slug":"startseite-franz","status":"publish","type":"page","link":"https:\/\/www.dfc-bremen.de\/wp\/fr\/startseite-franz\/","title":{"rendered":"startseite fr"},"content":{"rendered":"<div class=\"fusion-fullwidth fullwidth-box fusion-builder-row-1 fusion-flex-container has-pattern-background has-mask-background nonhundred-percent-fullwidth non-hundred-percent-height-scrolling\" style=\"--awb-border-radius-top-left:0px;--awb-border-radius-top-right:0px;--awb-border-radius-bottom-right:0px;--awb-border-radius-bottom-left:0px;--awb-flex-wrap:wrap;\" ><div class=\"fusion-builder-row fusion-row fusion-flex-align-items-flex-start fusion-flex-content-wrap\" style=\"max-width:1248px;margin-left: calc(-4% \/ 2 );margin-right: calc(-4% \/ 2 );\"><div class=\"fusion-layout-column fusion_builder_column fusion-builder-column-0 fusion_builder_column_1_6 1_6 fusion-flex-column\" style=\"--awb-bg-size:cover;--awb-width-large:16.666666666667%;--awb-margin-top-large:0px;--awb-spacing-right-large:11.52%;--awb-margin-bottom-large:20px;--awb-spacing-left-large:11.52%;--awb-width-medium:16.666666666667%;--awb-order-medium:0;--awb-spacing-right-medium:11.52%;--awb-spacing-left-medium:11.52%;--awb-width-small:100%;--awb-order-small:0;--awb-spacing-right-small:1.92%;--awb-spacing-left-small:1.92%;\"><div class=\"fusion-column-wrapper fusion-column-has-shadow fusion-flex-justify-content-flex-start fusion-content-layout-column\"><\/div><\/div><div class=\"fusion-layout-column fusion_builder_column fusion-builder-column-1 fusion_builder_column_2_3 2_3 fusion-flex-column\" style=\"--awb-bg-size:cover;--awb-width-large:66.666666666667%;--awb-margin-top-large:0px;--awb-spacing-right-large:2.88%;--awb-margin-bottom-large:20px;--awb-spacing-left-large:2.88%;--awb-width-medium:66.666666666667%;--awb-order-medium:0;--awb-spacing-right-medium:2.88%;--awb-spacing-left-medium:2.88%;--awb-width-small:100%;--awb-order-small:0;--awb-spacing-right-small:1.92%;--awb-spacing-left-small:1.92%;\"><div class=\"fusion-column-wrapper fusion-column-has-shadow fusion-flex-justify-content-flex-start fusion-content-layout-column\"><div class=\"fusion-text fusion-text-1\"><div>\n<h1>Bienvenue sur notre site internet!<\/h1>\n<p>Nous sommes heureux de vous accueillir sur le site internet du ch\u0153ur franco-allemand de Br\u00eame.<\/p>\n<p>Notre ch\u0153ur est ouvert aux chanteurs qui souhaiteraient nous rejoindre. Pour cela, il est pr\u00e9f\u00e9rable d&#8217;avoir un bagage musical permettant d&#8217;apprendre des chants polyphoniques. En ce moment nous recrutons principalement des basses et des t\u00e9nors, mais toutes les voix sont les bienvenues. Notre r\u00e9pertoire actuel s&#8217;\u00e9tend de la Renaissance \u00e0 nos jours, les \u0153uvres sont chant\u00e9es principalement en fran\u00e7ais et en allemand. Le style est h\u00e9t\u00e9roclite, avec du classique et des chansons plus connues du grand public.\u00a0Si vous \u00eates int\u00e9ress\u00e9s, venez tout simplement nous voir \u00e0 notre r\u00e9p\u00e9tition chaque mardi de 19h15 \u00e0 21h15 (normalement \u00e0 l\u2019Institut Fran\u00e7ais en nous envoyant pr\u00e9alablement un email pour nous informer de votre visite.<\/p>\n<p>Et si vous souhaitez nous entendre en concert, n&#8217;h\u00e9sitez pas \u00e0 vous rendre sur notre page &#8222;Concerts et projets&#8220;.<\/p>\n<p>Nous r\u00e9pondons \u00e0 vos questions \u00e0 l&#8217;adresse suivante :\u00a0 <u><\/u><a href=\"mailto:dt-franzchorbremen@posteo.de\">dt-franzchorbremen@posteo.de<\/a><\/p>\n<\/div>\n<\/div><div class=\"fusion-image-element \" style=\"--awb-caption-title-font-family:var(--h2_typography-font-family);--awb-caption-title-font-weight:var(--h2_typography-font-weight);--awb-caption-title-font-style:var(--h2_typography-font-style);--awb-caption-title-size:var(--h2_typography-font-size);--awb-caption-title-transform:var(--h2_typography-text-transform);--awb-caption-title-line-height:var(--h2_typography-line-height);--awb-caption-title-letter-spacing:var(--h2_typography-letter-spacing);\"><span class=\" fusion-imageframe imageframe-none imageframe-1 hover-type-none\"><img decoding=\"async\" width=\"1600\" height=\"1030\" title=\"monikajessing_chor-web-farbe-25-gruppe\" src=\"https:\/\/www.dfc-bremen.de\/wp\/wp-content\/uploads\/2023\/08\/monikajessing_chor-web-farbe-25-gruppe.jpg\" alt class=\"img-responsive wp-image-133\" srcset=\"https:\/\/www.dfc-bremen.de\/wp\/wp-content\/uploads\/2023\/08\/monikajessing_chor-web-farbe-25-gruppe-200x129.jpg 200w, https:\/\/www.dfc-bremen.de\/wp\/wp-content\/uploads\/2023\/08\/monikajessing_chor-web-farbe-25-gruppe-400x258.jpg 400w, https:\/\/www.dfc-bremen.de\/wp\/wp-content\/uploads\/2023\/08\/monikajessing_chor-web-farbe-25-gruppe-600x386.jpg 600w, https:\/\/www.dfc-bremen.de\/wp\/wp-content\/uploads\/2023\/08\/monikajessing_chor-web-farbe-25-gruppe-800x515.jpg 800w, https:\/\/www.dfc-bremen.de\/wp\/wp-content\/uploads\/2023\/08\/monikajessing_chor-web-farbe-25-gruppe-1200x773.jpg 1200w, https:\/\/www.dfc-bremen.de\/wp\/wp-content\/uploads\/2023\/08\/monikajessing_chor-web-farbe-25-gruppe.jpg 1600w\" sizes=\"(max-width: 640px) 100vw, 800px\" \/><\/span><\/div><\/div><\/div><div class=\"fusion-layout-column fusion_builder_column fusion-builder-column-2 fusion_builder_column_1_6 1_6 fusion-flex-column\" style=\"--awb-bg-size:cover;--awb-width-large:16.666666666667%;--awb-margin-top-large:0px;--awb-spacing-right-large:11.52%;--awb-margin-bottom-large:20px;--awb-spacing-left-large:11.52%;--awb-width-medium:16.666666666667%;--awb-order-medium:0;--awb-spacing-right-medium:11.52%;--awb-spacing-left-medium:11.52%;--awb-width-small:100%;--awb-order-small:0;--awb-spacing-right-small:1.92%;--awb-spacing-left-small:1.92%;\"><div class=\"fusion-column-wrapper fusion-column-has-shadow fusion-flex-justify-content-flex-start fusion-content-layout-column\"><\/div><\/div><\/div><\/div>\n","protected":false},"excerpt":{"rendered":"","protected":false},"author":1,"featured_media":0,"parent":0,"menu_order":0,"comment_status":"closed","ping_status":"closed","template":"100-width.php","meta":{"footnotes":""},"class_list":["post-241","page","type-page","status-publish","hentry"],"_links":{"self":[{"href":"https:\/\/www.dfc-bremen.de\/wp\/wp-json\/wp\/v2\/pages\/241","targetHints":{"allow":["GET"]}}],"collection":[{"href":"https:\/\/www.dfc-bremen.de\/wp\/wp-json\/wp\/v2\/pages"}],"about":[{"href":"https:\/\/www.dfc-bremen.de\/wp\/wp-json\/wp\/v2\/types\/page"}],"author":[{"embeddable":true,"href":"https:\/\/www.dfc-bremen.de\/wp\/wp-json\/wp\/v2\/users\/1"}],"replies":[{"embeddable":true,"href":"https:\/\/www.dfc-bremen.de\/wp\/wp-json\/wp\/v2\/comments?post=241"}],"version-history":[{"count":9,"href":"https:\/\/www.dfc-bremen.de\/wp\/wp-json\/wp\/v2\/pages\/241\/revisions"}],"predecessor-version":[{"id":520,"href":"https:\/\/www.dfc-bremen.de\/wp\/wp-json\/wp\/v2\/pages\/241\/revisions\/520"}],"wp:attachment":[{"href":"https:\/\/www.dfc-bremen.de\/wp\/wp-json\/wp\/v2\/media?parent=241"}],"curies":[{"name":"wp","href":"https:\/\/api.w.org\/{rel}","templated":true}]}}

<div class="fusion-fullwidth fullwidth-box fusion-builder-row-1 fusion-flex-container has-pattern-background has-mask-background nonhundred-percent-fullwidth non-hundred-percent-height-scrolling" style="--awb-border-radius-top-left:0px;--awb-border-radius-top-right:0px;--awb-border-radius-bottom-right:0px;--awb-border-radius-bottom-left:0px;--awb-flex-wrap:wrap;" ><div class="fusion-builder-row fusion-row fusion-flex-align-items-flex-start fusion-flex-content-wrap" style="max-width:1248px;margin-left: calc(-4% / 2 );margin-right: calc(-4% / 2 );"><div class="fusion-layout-column fusion_builder_column fusion-builder-column-0 fusion_builder_column_1_6 1_6 fusion-flex-column" style="--awb-bg-size:cover;--awb-width-large:16.666666666667%;--awb-margin-top-large:0px;--awb-spacing-right-large:11.52%;--awb-margin-bottom-large:20px;--awb-spacing-left-large:11.52%;--awb-width-medium:16.666666666667%;--awb-order-medium:0;--awb-spacing-right-medium:11.52%;--awb-spacing-left-medium:11.52%;--awb-width-small:100%;--awb-order-small:0;--awb-spacing-right-small:1.92%;--awb-spacing-left-small:1.92%;"><div class="fusion-column-wrapper fusion-column-has-shadow fusion-flex-justify-content-flex-start fusion-content-layout-column"></div></div><div class="fusion-layout-column fusion_builder_column fusion-builder-column-1 fusion_builder_column_2_3 2_3 fusion-flex-column" style="--awb-bg-size:cover;--awb-width-large:66.666666666667%;--awb-margin-top-large:0px;--awb-spacing-right-large:2.88%;--awb-margin-bottom-large:20px;--awb-spacing-left-large:2.88%;--awb-width-medium:66.666666666667%;--awb-order-medium:0;--awb-spacing-right-medium:2.88%;--awb-spacing-left-medium:2.88%;--awb-width-small:100%;--awb-order-small:0;--awb-spacing-right-small:1.92%;--awb-spacing-left-small:1.92%;"><div class="fusion-column-wrapper fusion-column-has-shadow fusion-flex-justify-content-flex-start fusion-content-layout-column"><div class="fusion-text fusion-text-1"><div>
<h1>Bienvenue sur notre site internet!</h1>
<p>Nous sommes heureux de vous accueillir sur le site internet du chœur franco-allemand de Brême.</p>
<p>Notre chœur est ouvert aux chanteurs qui souhaiteraient nous rejoindre. Pour cela, il est préférable d&#8217;avoir un bagage musical permettant d&#8217;apprendre des chants polyphoniques. En ce moment nous recrutons principalement des basses et des ténors, mais toutes les voix sont les bienvenues. Notre répertoire actuel s&#8217;étend de la Renaissance à nos jours, les œuvres sont chantées principalement en français et en allemand. Le style est hétéroclite, avec du classique et des chansons plus connues du grand public. Si vous êtes intéressés, venez tout simplement nous voir à notre répétition chaque mardi de 19h15 à 21h15 (normalement à l’Institut Français en nous envoyant préalablement un email pour nous informer de votre visite.</p>
<p>Et si vous souhaitez nous entendre en concert, n&#8217;hésitez pas à vous rendre sur notre page &#8222;Concerts et projets&#8220;.</p>
<p>Nous répondons à vos questions à l&#8217;adresse suivante :  <u></u><a href="mailto:dt-franzchorbremen@posteo.de">dt-franzchorbremen@posteo.de</a></p>
</div>
</div><div class="fusion-image-element " style="--awb-caption-title-font-family:var(--h2_typography-font-family);--awb-caption-title-font-weight:var(--h2_typography-font-weight);--awb-caption-title-font-style:var(--h2_typography-font-style);--awb-caption-title-size:var(--h2_typography-font-size);--awb-caption-title-transform:var(--h2_typography-text-transform);--awb-caption-title-line-height:var(--h2_typography-line-height);--awb-caption-title-letter-spacing:var(--h2_typography-letter-spacing);"><span class=" fusion-imageframe imageframe-none imageframe-1 hover-type-none"><img decoding="async" width="1600" height="1030" title="monikajessing_chor-web-farbe-25-gruppe" src="https://www.dfc-bremen.de/wp/wp-content/uploads/2023/08/monikajessing_chor-web-farbe-25-gruppe.jpg" alt class="img-responsive wp-image-133" srcset="https://www.dfc-bremen.de/wp/wp-content/uploads/2023/08/monikajessing_chor-web-farbe-25-gruppe-200x129.jpg 200w, https://www.dfc-bremen.de/wp/wp-content/uploads/2023/08/monikajessing_chor-web-farbe-25-gruppe-400x258.jpg 400w, https://www.dfc-bremen.de/wp/wp-content/uploads/2023/08/monikajessing_chor-web-farbe-25-gruppe-600x386.jpg 600w, https://www.dfc-bremen.de/wp/wp-content/uploads/2023/08/monikajessing_chor-web-farbe-25-gruppe-800x515.jpg 800w, https://www.dfc-bremen.de/wp/wp-content/uploads/2023/08/monikajessing_chor-web-farbe-25-gruppe-1200x773.jpg 1200w, https://www.dfc-bremen.de/wp/wp-content/uploads/2023/08/monikajessing_chor-web-farbe-25-gruppe.jpg 1600w" sizes="(max-width: 640px) 100vw, 800px" /></span></div></div></div><div class="fusion-layout-column fusion_builder_column fusion-builder-column-2 fusion_builder_column_1_6 1_6 fusion-flex-column" style="--awb-bg-size:cover;--awb-width-large:16.666666666667%;--awb-margin-top-large:0px;--awb-spacing-right-large:11.52%;--awb-margin-bottom-large:20px;--awb-spacing-left-large:11.52%;--awb-width-medium:16.666666666667%;--awb-order-medium:0;--awb-spacing-right-medium:11.52%;--awb-spacing-left-medium:11.52%;--awb-width-small:100%;--awb-order-small:0;--awb-spacing-right-small:1.92%;--awb-spacing-left-small:1.92%;"><div class="fusion-column-wrapper fusion-column-has-shadow fusion-flex-justify-content-flex-start fusion-content-layout-column"></div></div></div></div>
